= t. Let u(b) = 2*q(b) + x(b). List the prime factors of u(-4).
2, 97
Let h be (-2*(-1)/(-5))/((-6)/30). Let t be (-5196)/(-26) - h/(-13). Let c = t + -100. What are the prime factors of c?
2, 5
Let u(d) = -d**3 + 28*d**2 - 6*d + 188. Let i be u(28). Let c = 926 + i. What are the prime factors of c?
2, 11, 43
Let j(c) = 66*c + 354. List the prime factors of j(60).
2, 3, 719
Let f = 35880 + -22237. List the prime factors of f.
7, 1949
Let u(a) = 11*a - 27. Let h(i) = 4*i**2 - 5*i**2 - 92 + 7*i + 88. Let k be h(3). What are the prime factors of u(k)?
61
Let c(b) = -2*b**3 + 9*b**2 - 3*b - 2. Let w be c(4). Suppose 5*j - 1848 - 1860 = -4*r, w = r. List the prime factors of j.
2, 5, 37
Let f(q) = -q**3 - q**2 + 48*q - 1. Let w be f(6). List the prime factors of (-3 - (-100)/w) + (-6009)/(-21).
2, 11, 13
Let w be (216/40 - -1) + 4/(-10). Let x be ((-186)/(-36) - 5) + 1523/w. Let q = -163 + x. What are the prime factors of q?
7, 13
Let r = -276 - -5935. List the prime factors of r.
5659
Suppose -4*j + 16 = 0, 2*o = 4*j + 51 + 101. Suppose 0*w - 111 = -5*w + l, -4*w + 2*l + o = 0. Suppose w*m - 1845 = 8*m. What are the prime factors of m?
3, 41
Suppose 3*k = 3, -2*k + 8 = 3*o - 3. Let m = 8 - o. Suppose -m*r = -3*n - 988 + 159, 0 = -3*r + 4*n + 504. List the prime factors of r.
2, 41
List the prime factors of 16/3 + 58857766/2319.
2, 3, 4231
Suppose h = -n - 12, 2*n + 50 = -5*h - n. List the prime factors of 13005/119 - (-2 - 16/h).
109
Let d(o) = -17*o**2 + 6*o - 36. Let r be d(-6). What are the prime factors of (-25)/5 - (-5 + r - 0)?
2, 3, 19
Suppose 256 + 1925 = 3*z + 3*a, 5*z = 2*a + 3649. Suppose -z = 14*i - 7659. What are the prime factors of i?
3, 5, 11
Suppose 0 = 5*w + r - 98505, 7*r + 25375 = w + 5638. List the prime factors of w.
2, 9851
Let h(a) = 14486*a + 888. What are the prime factors of h(5)?
2, 7, 5237
Suppose -3*b + 13 + 11 = 0. Suppose -211 = b*i + 77. Let j = i + 67. List the prime factors of j.
31
Let i(u) = -u**3 + 16*u**2 + 60*u + 27. Let h be i(19). List the prime factors of 28/h + (1 - 1250/(-3)).
2, 11, 19
Suppose -106 = 4*m - 114. List the prime factors of (20712/72 + m/(-3))/1.
7, 41
Suppose 5*g + 5*t - 50 = 0, -g - 2*t - 15 = -4*g. Let p(m) = -m**3 + 10*m**2 - 11*m + 11. List the prime factors of p(g).
3
Suppose -5*c + 135 = 6*p - p, 3*p + 7 = c. Suppose 1102 = c*b - 2814. List the prime factors of b.
2, 89
Suppose -3*w - 5 - 10 = 0. Let f be w + (358 - 6/(-3)). Suppose f = 9*c - 113. What are the prime factors of c?
2, 13
Suppose -2*y - 112 = -2*q - 0, -5*y - 3*q = 264. Let o = y + 54. Let p = 119 - o. What are the prime factors of p?
7, 17
Let d(m) be the second derivative of 13*m**3 - 15*m**2 + 3*m. Let j be d(4). Suppose 4*n - j = 2*n - 3*a, -3*n + 5*a + 461 = 0. List the prime factors of n.
3, 7
Let x(b) = 72*b**2 - 21*b + 1100. List the prime factors of x(-25).
5, 373
Suppose 0 = -11*q + 12*q - 4*x - 691, 0 = -5*q - x + 3497. Let v = q - 105. List the prime factors of v.
2, 3, 11
Let s(o) = 4911*o**2 - 24*o - 31. What are the prime factors of s(-4)?
19, 4139
Suppose 8 = w, 5*w = 5*g - 30709 - 386171. What are the prime factors of g?
2, 7, 1489
Suppose -3*u + 105*t + 97610 = 106*t, -3*u - 4*t = -97616. What are the prime factors of u?
2, 7, 83
Suppose 2*b = 8 - 2. Suppose -5*k + b = -12. Suppose 0 = -0*q + k*q - 369. List the prime factors of q.
3, 41
Let n(v) = 311*v - 2641. List the prime factors of n(41).
2, 3, 5, 337
Suppose -23215 - 10385 = -6*g. Suppose 0 = -27*n + 10249 + g. List the prime factors of n.
587
Suppose -3*f - 6 = 5*o, -4 = o - 2*f - 8. Let d = 55 + -36. Suppose o = 6*n - 263 - d. List the prime factors of n.
47
Let d(t) = 4*t**3 + t - 3. Let u be d(-3). Let i be (12/2 - 252/21) + 139. Let x = u + i. What are the prime factors of x?
19
Suppose 0 = -103*u + 6611657 + 24839. What are the prime factors of u?
2, 4027
Let s = 832 + -293. Let m = s - 294. List the prime factors of m.
5, 7
Let a(i) = 286*i**3 - 13*i**2 + 63*i - 161. What are the prime factors of a(5)?
47, 757
Suppose -7*t - t = -104. Let y(i) = -14*i + t*i - 5 - 10*i - 20*i. List the prime factors of y(-4).
7, 17
Suppose 103*h + 113*h = 210*h + 107424. List the prime factors of h.
2, 3, 373
Suppose 5*y - 30 = -5*l, -5*y + 32 = 12. Let t(w) = 7*w - 4. Let u be t(l). List the prime factors of u/(-45) - 398/(-9).
2, 11
Suppose -j + 3*d + 5265 = 0, 7*j - 26225 = 2*j - 5*d. What are the prime factors of j?
2, 3, 5, 7
Suppose 4*z = 207 - 59. Let i be (256/12*-3)/(-2). Let j = z + i. What are the prime factors of j?
3, 23
Let p = 930 + -893. What are the prime factors of (-10 + p)*-3*(-58)/3?
2, 3, 29
Suppose -2*s - 1 + 5 = 0. What are the prime factors of (-78)/(-4) - s/16*-4?
2, 5
What are the prime factors of (-82032)/(-40) - (-12 + 11)*(-2)/(-10)?
7, 293
Let n(a) = -366*a + 4783. What are the prime factors of n(-75)?
32233
Let y be ((-20)/(-3) - 2) + (-6)/9. Suppose y*f - f + 5*u - 1927 = 0, -3*u + 649 = f. What are the prime factors of f?
2, 317
Suppose 4*g - 4*d = 52, -3*g + 5*d = 3*d - 44. List the prime factors of (2 + g/(-12))*156.
2, 3, 13
Let g(y) = 68*y**3 - 4*y**2 + 2*y. Let w be g(2). Let f(j) = -j**3 + 32*j**2 - 229*j - 10. Let k be f(19). Suppose 4*v - k = w. List the prime factors of v.
2, 3
Let h(r) = 466*r**2 - 217*r - 3. What are the prime factors of h(-5)?
2, 3, 1061
Let z = -60 + 64. Suppose 29 + 123 = -z*g. Let h = 162 + g. What are the prime factors of h?
2, 31
Suppose 3694 = 4*v - q - 2229, -3*q - 4440 = -3*v. What are the prime factors of v + 2/(-3 + 5 - 3)?
3, 17, 29
Let g(x) = x**3 + 9*x**2 + 14*x + 23. Suppose 0 = -18*w + 14*w + 4, 19 = -4*c - w. What are the prime factors of g(c)?
53
Let p = -59 + 42. Let n be (-4533)/(-51) + -2 + (-2)/p. Suppose -r = -a + 95, 3*a - 5*r = 198 + n. What are the prime factors of a?
5, 19
List the prime factors of (-1)/(66/(-12)) - 63837/(-99).
3, 5, 43
Suppose 2*j - 6*j - 5*s + 92944 = 0, -4*s = -3*j + 69708. List the prime factors of j.
2, 37, 157
What are the prime factors of 26/351 - 759616/(-27)?
2, 3, 521
Suppose 407*y = 432*y - 1237025. What are the prime factors of y?
49481
Let m = 88 + 4. Suppose 0 = 7*a - 83 - m. Suppose 4 = -y + a. List the prime factors of y.
3, 7
Suppose -11145*y = -11137*y - 46104. What are the prime factors of y?
3, 17, 113
Let k(h) = 14*h. Let o be k(-3). Let q = o + 41. List the prime factors of 1/(q/(-15)*1).
3, 5
Let u(a) = -a**3 + 130*a**2 - 49*a + 571. List the prime factors of u(126).
57901
Let k(q) = -247*q + 4840. What are the prime factors of k(9)?
2617
Suppose -10*s - 2844 = -46184. What are the prime factors of s?
2, 11, 197
Let r(v) = 99*v - 3. Let d be r(3). Let h = -78 + d. Suppose 7*w = 11*w - h. What are the prime factors of w?
2, 3
Suppose 76*s - 75*s = 40. Suppose -5*a = 2*z - 1176, -2*z = -a + s + 200. What are the prime factors of a?
2, 59
Let u(j) = 725*j**2 + 236*j + 941. What are the prime factors of u(-4)?
11597
Let r(y) = -8 - 16*y**2 + 0 - 43*y**3 + 42*y**3 - 22*y. List the prime factors of r(-16).
2, 43
Let w(g) = -1014*g**2 - 959*g**2 - 31 - 41 - 14 + 2008*g**2 - 47*g + g**3. List the prime factors of w(-36).
2, 5, 31
Let y = -351 - -356. Suppose 0 = -y*d - i + 5102, 6*d + 2*i - 5099 = d. List the prime factors of d.
1021
Let w be (36/15)/(2/2245). Let i = -1863 + w. What are the prime factors of i?
3, 277
Let k(n) = -26*n + 153. Let x(p) = 2*p + 2. Let j(z) = k(z) - 2*x(z). What are the prime factors of j(-26)?
929
Let v = 29288 + -14528. List the prime factors of v.
2, 3, 5, 41
Let y(c) = -c**2 - 7*c + 46. Let j be y(-11). Suppose -11*o - 72 = -j*o. List the prime factors of (-1276)/(-7) - (0 + o/(-28)).
2, 7, 13
Let l(c) = -56*c - 9. Let p be 1*(0 + -2)*(-15)/30. Let m(y) = -y - 1. Let v(w) = p*m(w) + l(w). What are the prime factors of v(-2)?
2, 13
Suppose 0 = 10*l - 11*l + 166. Let z(w) = l*w**2 - 7 + 7*w**2 - 2 - 10*w. List the prime factors of z(-1).
2, 3, 29
Let f(y) = 15*y + 1. Let c be f(1). Let b(v) = 11*v - 20 + 119 - 41. What are the prime factors of b(c)?
2, 3, 13
Let x = -1793 + 2999. Let d = -648 + x. What are the prime factors of d?
2, 3, 31
Let g(m) = 76*m + 1. Let c(o) = o**2 - 3*o + 1. Let p be (-7)/(-14)*(2 - 2 - 0). Let a be c(p). What are the prime factors of g(a)?
7, 11
Let g = -336 - -335. What